ose -171 = -4*h - 5*u, 3*u - 81 = 236*h - 238*h. Calculate the remainder when w is divided by h.
51
Suppose 0 = 3*l - 0*l, -2*l = -s + 15. What is the remainder when s is divided by 0 + (-4)/16 + (-407)/(-44) + 6?
0
Suppose 0 = -2*j + j - 81. Let s = -72 - j. Suppose -4*p = -p, 5*c - 5*p - 85 = 0. What is the remainder when c is divided by s?
8
Let v(w) = 7*w + 22. Let s be v(-14). Let d = -74 - s. Calculate the remainder when (14 - -20) + d/1 is divided by 11.
3
Let d = 7785 + -7767. Calculate the remainder when 90 is divided by d.
0
Let p be 6/1 + 0/(-1). Let z(m) = m**3 - 4*m**2 - 9*m + 4. Let b(a) = -a**3 - 125*a**2 - 572*a - 39969. Calculate the remainder when b(-123) is divided by z(p).
19
Let b(u) = -u**3 - 23*u**2 + 60*u + 970. Calculate the remainder when 257 is divided by b(-24).
45
Let h be (-6)/9*-6 + -4. Suppose -f + 0*c - 4*c + 59 = h, -4*f + 296 = c. Calculate the remainder when f is divided by 27.
21
Let r = -13971 - -14040. Calculate the remainder when r is divided by 40.
29
Let h(i) = -4*i - 43. Let o be h(-12). Suppose -5*l = -3*z + o*z - 8, 2*l + 2*z = 8. What is the remainder when 45 is divided by (-180)/27*3/(-1) - l?
5
Let a = -14 - -25. Suppose -112586 = -33*o - 111959. Calculate the remainder when o is divided by a.
8
Let s(u) = 480*u - 2859. Calculate the remainder when 1427 is divided by s(6).
20
Let y = 268 + -271. Suppose 5*t = 5*d + 38 + 12, 4*d + 5 = -3*t. What is the remainder when (-138)/y*(d/(-2) + -1) is divided by 24?
21
Let p = 1108 - 950. Let t(v) = 2*v**2 - 10*v + 4. Let y be t(4). Let g(w) = -w**3 - 3*w**2 - 5*w - 4. Calculate the remainder when p is divided by g(y).
30
Let h = 193 + -117. Let c = 31 + -27. Suppose 8 + 7 = k - o, -c*k + o + 63 = 0. Calculate the remainder when h is divided by k.
12
Let w(p) = 2*p**3 - 97*p**2 + 59*p - 367. What is the remainder when 597 is divided by w(48)?
114
Suppose 3*i = 4*b + 44, 2*b + 86 - 14 = 4*i. Suppose 3*m - 112 + 76 = 0. Let h = i - m. Calculate the remainder when 22 is divided by h.
6
Suppose -13*k - 533 = -1092 + 494. Calculate the remainder when 1033 is divided by k.
3
Let t = 999 + -594. Let w = 413 - t. Calculate the remainder when 18 is divided by w.
2
Let b = -84 - -288. Let a = b + -150. What is the remainder when a is divided by 31?
23
Suppose 0 = 5*q + 4*a - 56, 0*q - 3*a + 45 = 4*q. Suppose -q*o = -7*o - 95. Let s(r) = -r**2 + 39*r + 55. Calculate the remainder when s(38) is divided by o.
17
Let i(z) = 4*z**2 + 163*z - 1020. Calculate the remainder when 640 is divided by i(7).
6
Let h(s) = 3 - 3*s - s - 4. Suppose 1 = -30*t + 31. What is the remainder when h(-1) is divided by t?
0
Suppose 9*d - 38 = 70. Suppose 44 = d*q - 4. Let g = 9 - 6. Calculate the remainder when q is divided by g.
1
Suppose -5*j = 43 - 53. Suppose 4*i - 8*g + 11*g = 279, -2*i + 136 = -j*g. What is the remainder when i is divided by (108/8)/(6/8)?
15
Let t = 8242 - 8228. Calculate the remainder when 1057 is divided by t.
7
Suppose 20 = 4*b, -2*b = -m + 2*b + 2252. Calculate the remainder when 79 is divided by (m/(-213))/((-4)/6).
15
Let x = 190 - 16. Let j(q) = q**2 + 22*q + 99. Let f be j(-16). Suppose -5*t - 3*s + 110 - 18 = 0, f*t - 32 = 4*s. What is the remainder when x is divided by t?
14
Suppose 196 = -h - 156. Let z = h + 609. What is the remainder when z is divided by 26?
23
Let b = 29516 + -29292. What is the remainder when 299 is divided by b?
75
Suppose -5*l = 5*t - 77 + 22, -10*l - 2*t + 70 = 0. Calculate the remainder when 573 is divided by l.
3
Let d = 237 - 334. Let m = d - -136. Calculate the remainder when (-60)/(-4)*(-31)/(-3) is divided by m.
38
What is the remainder when 320/(-50)*(-1190)/14 is divided by 270?
4
Suppose -70*k - 13*k + 6762 = -14*k. What is the remainder when k is divided by 19?
3
Suppose -5 + 23 = z + 3*f, -3*f + 15 = 0. Suppose 0 = z*o - 5*v + 5, 0 = -2*v - 0 + 2. Suppose o = k - 56 - 15. What is the remainder when k is divided by 12?
11
Suppose -14*i = -19*i + 5*c + 490, 0 = -4*i - 5*c + 428. What is the remainder when 811 is divided by i?
97
Let z be (-3 - (0 - 2))*21*-1. What is the remainder when 76 is divided by (39/15)/(-2 + z/10)?
24
Let u = 51 - -85. Suppose -5*v = -u + 16. Let x = 96762 + -96746. Calculate the remainder when v is divided by x.
8
Suppose 0 = -35*z + 45*z - 230. Suppose 0 = -4*g + 166 + 278. Calculate the remainder when g is divided by z.
19
Let p(h) = -h**3 + 14*h**2 - 11*h + 17. Let i be p(11). Suppose 18*m + i = 1825. Calculate the remainder when m is divided by 13.
9
Suppose -i = -7*i. Suppose -4*q - g + 295 = i, -5*q + 2*g + 200 + 159 = 0. What is the remainder when q is divided by 37?
36
Let l(c) = 141*c**2 - 131*c - 127. Let g = -31 + 56. Suppose -4*b - g = -173. Calculate the remainder when l(-1) is divided by b.
34
Calculate the remainder when -3 + (-2 + -141698)/(-13) is divided by 7.
5
Let q = -14337 + 14571. Calculate the remainder when 3976 is divided by q.
232
Let n = 15 + -13. Suppose n*b - 181 - 170 = -3*l, 0 = 4*b + 3*l - 699. What is the remainder when b is divided by 35?
34
Let g(h) = h**3 - 4*h**2 + 4*h + 3. Let z = 21928 + -21721. Calculate the remainder when z is divided by g(4).
17
Suppose -7*q + 2*q + 3*z + 9 = 0, 5*z + 5 = 5*q. Suppose 5*o - 3*v - 427 = -v, -257 = -q*o + 2*v. Calculate the remainder when o is divided by 25.
10
Suppose o + 3*o - 816 = 0. Suppose -p = 5*k - 62, 20*k - 17*k + 72 = 2*p. Calculate the remainder when o is divided by p.
36
Suppose -4361*l + 548 = -4359*l + 4*b, -5*l + 1377 = 3*b. Calculate the remainder when 564 is divided by l.
12
Let z = -274 + 115. Let l = z + 183. Calculate the remainder when 70 is divided by l.
22
Let a = -787 - -1163. Suppose 3*z = 3*n + 366, 3*z + 2*n - 3*n - a = 0. What is the remainder when z is divided by 43?
41
Suppose 0*d + 3 = 5*t + d, 4*d - 12 = -5*t. Calculate the remainder when 162 is divided by -10 + 17 + t + 21.
22
Suppose 8*g - 6*g + 33*g = 1995. Calculate the remainder when 470 is divided by g.
14
Let g = 11 - 30. Let z = 29 + g. Let f(j) = j**3 - 45*j**2 - 297*j - 440. Calculate the remainder when f(51) is divided by z.
9
Suppose -181*f - 5526 = -190*f. Let d = -607 + f. What is the remainder when 419 is divided by d?
6
Let k(h) = h**3 + 21*h**2 - 400*h - 108. What is the remainder when 557 is divided by k(-33)?
5
Suppose -x = 3, -5*g + g = 4*x + 84. Let h = g - -92. Let q(n) = -n**2 - 8*n + 8. What is the remainder when h is divided by q(-7)?
14
Let a = -2172 + 2507. Calculate the remainder when a is divided by 58.
45
Let y(x) = 527*x - 7017. Calculate the remainder when y(18) is divided by 4.
1
Let j(i) = -14*i**3 + 3*i**2 + 17*i + 20. Calculate the remainder when j(-3) is divided by 25.
24
Suppose 224 = 4*j + 4*z, 2*z - 275 = -5*j - 2*z. Let q = j + -43. Suppose q + 3 = v. Calculate the remainder when 18 is divided by v.
7
Suppose -68*g + 7075 = -43528 + 12795. What is the remainder when g is divided by 35?
31
Let u = -11 - -33. Let c = -13 + u. Suppose 2*a = -4*n + 58, -2*a + n = -n - 70. What is the remainder when a is divided by c?
6
Suppose 7*j = -3*j + 41310. Suppose 0 = -24*q - 675 + j. Calculate the remainder when q is divided by 50.
44
Let z(i) = i**2 - 5*i - 4. Let q be z(9). Suppose -2*d + 36 = 3*v - 5*d, 5*d + q = v. Suppose v*w - 52 = 3*w. What is the remainder when 64 is divided by w?
12
Suppose 0 = 4*s + 188 - 768. What is the remainder when s is divided by 22?
13
Let s(b) = 3*b**2 + 92*b + 1361. What is the remainder when s(-14) is divided by 86?
59
Let v(u) = -u**2 + 2*u + 18. Let b be v(5). Suppose -b*d + 3*z + 993 = -0*d, -z + 2 = 0. Calculate the remainder when d is divided by 67.
65
Suppose 4*x - 16 = -2*l, -l = -x + 4*l - 7. Suppose 4*s - 5 = -b, -x*b + s + 71 = -s. What is the remainder when b is divided by (4/(-3))/(-3 + (-75)/(-27))?
3
Let o be 102/30 + (-4)/10. What is the remainder when 141 is divided by (1/o)/((-53)/54 - -1)?
15
Suppose -b - 36 = -4*r, 17*r = 16*r - b + 14. Suppose -2 + 7 = 5*c. Calculate the remainder when (5 + -44)*(c - 2) is divided by r.
9
Suppose 0 = 3*o - 0*o - 6, -44 = 2*j - o. Suppose 5*k - 22 - 3 = 0. Calculate the remainder when (-3 - -7) + -8 - j is divided by k.
2
Suppose 5*s + 356 = 9*s. Suppose 3*t - 4*w + 16 = s, -75 = -5*t - 5*w. Calculate the remainder when -1